 factors of j(-3)?
2, 7
Suppose 0 = 6*r - 4*r. Suppose r = m - 4*s - s - 24, -2*m + s = -30. Suppose 2*l - 4*j = j + m, -14 = -2*l - 4*j. What are the prime factors of l?
7
Let v = 1019 + -588. List the prime factors of v.
431
Suppose 0 = u - 4*w - 30, -3*w + 24 = 3*u - 36. Suppose l - p = u, 2*l - p = -3*p + 24. List the prime factors of l.
17
Let i(t) = -t**3 - 22*t**2 - 25*t + 18. List the prime factors of i(-21).
2, 3, 17
Suppose 14*i + 136 = 16*i. List the prime factors of i.
2, 17
Suppose 5*y = 6 + 9. List the prime factors of (-2)/(-1) + (40 - y).
3, 13
Let y(w) = -3*w**3 - 7*w**2 - 9*w - 6. Let b(q) = q**3 + 3*q**2 + 4*q + 3. Let v(m) = -5*b(m) - 2*y(m). What are the prime factors of v(4)?
37
Suppose 5*x - 48 = -r, 2 = -x + 3. What are the prime factors of r?
43
Let s = -47 + 70. Suppose -2*m = n - s, -4*n + 83 = -0*m - m. List the prime factors of n.
3, 7
Suppose 0 = 2*j + 2*j - 204. Let m = j + -34. List the prime factors of (m/(-3))/((-2)/6).
17
Suppose 0 = 4*w - 0*w - 40. What are the prime factors of w?
2, 5
What are the prime factors of (28/8 - 2) + 230/4?
59
Let s = -4 + 7. Suppose -s + 1 = o. What are the prime factors of 3/(-6) + (-17)/o?
2
Let w be 3/6 + 129/6. Suppose w = 5*a - 68. List the prime factors of a.
2, 3
Suppose -4*c - c = v - 71, 75 = 5*c + 5*v. List the prime factors of 8/28 + 388/c.
2, 7
Let d be 3/(-6)*-2 - -1. Let y = -2 + d. What are the prime factors of (y + 1)/(4/44)?
11
Suppose 115 = -2*u + 3*u. List the prime factors of u.
5, 23
Let y(w) = -w**3 - 3*w**2 + 6*w + 2. List the prime factors of y(-5).
2, 11
List the prime factors of 2/1*22/4.
11
Let q = 247 + 13. What are the prime factors of q?
2, 5, 13
Let o(y) be the third derivative of 7/3*y**3 + 0 - 1/24*y**4 + 2*y**2 + 0*y. What are the prime factors of o(0)?
2, 7
Suppose 0 = -5*j - 2 - 18. List the prime factors of -29*(0 + j/4).
29
Suppose 8*x + 3*c - 1260 = 4*x, -c = -2*x + 620. What are the prime factors of x?
2, 3, 13
Let f(d) be the third derivative of d**5/6 - d**4/12 + d**3/2 - 2*d**2. List the prime factors of f(2).
3, 13
Let t = 6 - 8. Let w be 2*(-1)/t + -15. Let c = w + 22. List the prime factors of c.
2
Let u(g) = -4*g + 1. Let t(j) = 9*j - 2. Let n(m) = -2*t(m) - 5*u(m). What are the prime factors of n(8)?
3, 5
Let d(p) = 7*p - 5. Let r(t) = 6*t - 5. Let m(j) = -5*d(j) + 6*r(j). Let v be m(9). Suppose 0 = -v*i - 0*i + 20. What are the prime factors of i?
5
Let g be 12*1 + (-2)/(-2). Suppose 17 = l + 3*z + z, -z + g = 2*l. Suppose 3*j - l = 1. What are the prime factors of j?
2
Let t(v) be the first derivative of v**3 - v + 6. Suppose 8 = -6*s + 2*s. What are the prime factors of t(s)?
11
Let z = 7 + -4. Suppose k - 41 = -4*l, -k - z*l + 0*l + 37 = 0. Let d = -11 + k. List the prime factors of d.
2, 7
Suppose 0 = 5*y - 5*d - 20, y - d = d + 5. Suppose y*p = -0 + 87. What are the prime factors of p?
29
List the prime factors of -1 + 5 + 384/4.
2, 5
Suppose -2*k + 25 = z + 3*k, 3*k - 15 = -z. Suppose z = -5*x + 55 + 5. What are the prime factors of x?
2, 3
Let b be ((-1)/((-3)/(-6)))/1. Let w = b + -3. Let l = 5 - w. List the prime factors of l.
2, 5
Let c(f) = 2*f - 4. Suppose 2*u - 8 = -2. Suppose -5 = -4*k + u*k. List the prime factors of c(k).
2, 3
Suppose -1 = 4*c - 13. What are the prime factors of 3/c + -2 - -5?
2
Let o(d) be the third derivative of -d**5/60 - d**4/2 - d**3/2 + 4*d**2. List the prime factors of o(-11).
2
Let v(k) = k**2 - 5*k - 10. Let c = 5 - -2. List the prime factors of v(c).
2
Suppose 2*f - 189 = t, -4*t - 40 = -4*f + 332. What are the prime factors of f?
2, 3
Suppose 0 = 4*q + 3 + 1. What are the prime factors of (-12 - -10) + (q - -14)?
11
Let c(k) be the third derivative of k**7/5040 + k**5/20 + 2*k**2. Let h(u) be the third derivative of c(u). What are the prime factors of h(5)?
5
Let s(w) = w**3 - 12*w**2 - 4*w + 32. What are the prime factors of s(13)?
149
Let h = 28 - 20. What are the prime factors of h?
2
Let a = -38 + 98. List the prime factors of a.
2, 3, 5
Let k(s) = s**3 + 4*s**2 - 3. Let b be k(-3). Suppose 26 = -d + 5*l, 0 = 2*d + 4*l + 4 + b. Let t = d - -15. List the prime factors of t.
2
Let y = -5 + 7. Let w be (-7)/(-3 + y/1). Let b = w - 3. List the prime factors of b.
2
Let t(d) be the first derivative of -2*d**2 + d - 3. List the prime factors of t(-3).
13
Let d be (-2)/5 + 404/10. Let p be (48/d)/((-1)/5). List the prime factors of (-4)/6*p/2.
2
What are the prime factors of (-21)/14 + (-303)/(-2)?
2, 3, 5
Let s = -50 + 35. Let o = s + 9. List the prime factors of (4/o)/((-1)/24).
2
Let a(h) be the first derivative of h**4/4 - 7*h**3/3 + 5*h**2/2 + 8*h - 2. Let x be a(6). Suppose x = -2*y + 6. List the prime factors of y.
2
Let u(a) = -a**3 + 7*a**2. Let d be u(7). Suppose -3*g + 7*g + 12 = d. Let n = 5 + g. What are the prime factors of n?
2
Let h = 377 - 249. List the prime factors of h.
2
Suppose -535 = -4*w - j, -3*j = 2*j - 15. What are the prime factors of w?
7, 19
Let k = -1 - -8. What are the prime factors of k?
7
Suppose w - 4*r - 897 = 0, w + r - 907 = -0*r. Suppose 5*i + 335 = w. List the prime factors of ((-3)/9)/((-2)/i).
19
Let k be (-2)/7 + 57/(-21). Let g(w) = w**3 + 4*w**2 - 6*w - 6. Let z be g(-5). What are the prime factors of (-6)/z*(k + 5)?
2, 3
Let n(m) = -2*m - 7. Let o be n(-6). Let d be 6/(-2) + (4 - o). List the prime factors of (2/d)/((-3)/42).
7
Suppose 4*l + 264 = g + 1084, -2*l + 396 = 3*g. What are the prime factors of l?
2, 3, 17
Let x(h) = 4*h**2 + 7*h + 1. What are the prime factors of x(-5)?
2, 3, 11
Suppose 4*o = 168 - 36. List the prime factors of o.
3, 11
Suppose 2*w - 2*o - 127 = w, 127 = w - 5*o. List the prime factors of w.
127
Suppose t + 7 = 6*t + c, c = 3*t - 9. Suppose -i = -4*d + 11 - 0, -2 = t*d + 2*i. Suppose 2*u + u - 32 = -d*b, -24 = -u - 4*b. What are the prime factors of u?
2
Let n = 10 + -7. Suppose n*p - 5*h = -10, -15 = -3*h - 0*h. Suppose -f - 4*d + 14 = -4, 0 = 4*f + p*d - 61. What are the prime factors of f?
2, 7
Let y be 0 + 3/(-2 - -5). List the prime factors of 30/3*1/y.
2, 5
Let a(n) = -8*n - 8. What are the prime factors of a(-8)?
2, 7
Suppose 8 = 4*w + 32. List the prime factors of 6/w*3*-1.
3
Let d = 10 - -80. What are the prime factors of d?
2, 3, 5
Let n = 6 - 11. Let k = n - -10. List the prime factors of k.
5
Let i(h) = 5*h. Let n(x) = -x. Let y(s) = i(s) + 6*n(s). What are the prime factors of y(-7)?
7
Suppose j = -3, 0 = -4*t + 2*t - 2*j - 8. Let u be -1 + (t - -3) + 18. Suppose -3*b + x + 44 = 0, u = b + 5*x - x. What are the prime factors of b?
3, 5
Suppose r = -l + 70, -5*l = 3*r - 113 - 107. Let w = r + -40. List the prime factors of w.
5
Let g(k) = -k**3 + 6*k**2 + 4*k + 1. Let o be (3 + -3 + -3)*-1. What are the prime factors of g(o)?
2, 5
List the prime factors of 65/(-4)*8*3/(-3).
2, 5, 13
Let r(m) = m**2 - m. Let i(c) = -5*c**2 - 6*c - 10. Let p(v) = -i(v) - 6*r(v). What are the prime factors of p(12)?
2, 5
Let n(o) = 4*o + 7. Let c(b) = -3*b - 6. Let t(g) = 3*c(g) + 2*n(g). What are the prime factors of t(-6)?
2
Let o = 2 - -3. Suppose o*k = -0*k + 60. List the prime factors of k.
2, 3
Let r(n) = 2*n**3 - 6*n**2 - n - 5. List the prime factors of r(5).
2, 3, 5
Suppose a - 81 = -0*a. List the prime factors of a.
3
Suppose -4*z - 3*a + 50 = 0, 3*z - 43 = -3*a - 2*a. List the prime factors of z.
11
Let x(r) = 23*r - 4. Let h(y) = 8*y - 1. Let f(z) = 11*h(z) - 4*x(z). Suppose -5*j = 5*m + 32 + 8, 4*m + 8 = 2*j. List the prime factors of f(j).
3, 7
Let q = -527 + 790. List the prime factors of q.
263
Let n(t) = t**3 - 10*t**2 + 9*t + 3. Let v(r) = r**2 + 3*r + 4. Let s be v(-5). Suppose 0 = -b, 13 = 3*p + 5*b - s. What are the prime factors of n(p)?
3
Let o be (1 + 2)*(-14)/3. What are the prime factors of o*3/(-2 + -1)?
2, 7
Suppose -4*m - 3*p + 35 = 0, -5*m - 4*p + 9*p = 0. Suppose -4*c + m*c = -2. List the prime factors of (5 - c)*(1 - 0).
7
Suppose 2*r = -f + 4*f - 71, f - 7 = 4*r. What are the prime factors of f?
3
Let s(c) = -c**2 + 30*c - 32. List the prime factors of s(19).
3, 59
Suppose 3*k + 2*k = 60. Let h(r) = -r**2 + 15*r - 17. List the prime factors of h(k).
19
Let r = 99 - -63. List the prime factors of r.
2, 3
Let w = 18 + -25. Let t(h) = h**3 + 7*h**2 - 3*h + 10. List the prime factors of t(w).
